se 19527 = 15*d - 1593. What is the hundreds digit of d?
4
Let p(r) = 5*r**3 - 13*r**2 - 35*r - 22. Let f(s) = -2*s**3 + 7*s**2 + 17*s + 11. Let g(v) = -7*f(v) - 3*p(v). Let u = -14 + 5. What is the tens digit of g(u)?
3
Let r = 495 + -350. Let t = 163 - r. What is the tens digit of t?
1
Suppose 0*h = -2*h + 70. Suppose 0 = 3*o + 10 + 44. Let y = o + h. What is the units digit of y?
7
Suppose -40*y + 61*y - 30408 = 0. What is the units digit of y?
8
Let t = -281 + 506. What is the tens digit of t?
2
Let r = 6 + -3. Let k = r + -3. Let o = k + 1. What is the units digit of o?
1
Suppose -2*c = 13*i - 9*i - 4074, 3*i = -4*c + 3053. What is the units digit of i?
9
Let s(o) = -o**3 - 8*o**2 - 27*o - 13. What is the tens digit of s(-8)?
0
Let s(i) = -83*i + 1. Let d be s(-1). Let f be (-9)/3*(1 - 0). What is the tens digit of (d/20)/(f/(-15))?
2
Suppose 1216 = -52*w + 55*w - 4*x, -3*w = -5*x - 1220. What is the hundreds digit of w?
4
What is the tens digit of (4 + -49)/((-25)/30)?
5
Let u = 113 + -36. Suppose m = 13 + u. What is the tens digit of m?
9
Suppose -2259 = -10*l + 1751. Let g = -201 + l. What is the tens digit of g?
0
What is the tens digit of (-1)/(-5*3/2670)?
7
Suppose 35*h - 34*h = 2. Let o(s) = 23*s. What is the units digit of o(h)?
6
Let h be ((-21)/(-9))/(4/12). Let q(z) = -3*z + 5. Let i be q(h). Let s(w) = w**2 + 15*w + 1. What is the tens digit of s(i)?
1
Let i = 30 - 26. Suppose 10*f - 48 = i*f. What is the units digit of f?
8
Let r be (-42)/(-12)*(-20)/(-7). Suppose -5*x - 5*k - r = 0, -5*k + 4 = x + 2*x. What is the units digit of (-4 + 1 - x) + 59?
3
Let g be 3 + -4 - 786/(-6). Let p = 228 - g. What is the tens digit of p?
9
Suppose -5*x + 3*r + 12439 = 0, -12 = -10*r + 14*r. What is the units digit of x?
6
Let q(m) = m**3 + 6*m**2 - 5*m + 3. Let k = -8 - -2. What is the units digit of q(k)?
3
Suppose 37*q = -36*q + 8103. What is the hundreds digit of q?
1
Let m = 13 - 8. Let o = m + 0. Suppose -o*c - 3*z = -8*z - 110, 4*c = 2*z + 90. What is the tens digit of c?
2
Suppose -7*i + 15 + 13 = 0. Let m be 10/(-1 - i/(-3)). Suppose -t - m = -3*x - 6*t, -3*x + 12 = -t. What is the units digit of x?
5
Let b = 3 - 14. Let d(n) = n + 16. Let m be d(b). Suppose -t - 128 = -m*t. What is the units digit of t?
2
Suppose -2*h + 64*v + 3811 = 69*v, 3*v - 3809 = -2*h. What is the units digit of h?
3
Let k = 6468 + -3552. What is the tens digit of k?
1
Let a = -1052 - -1437. What is the hundreds digit of a?
3
Suppose -5*u = -1349 - 2426. What is the units digit of u?
5
Suppose -21 = -s - 5*w + 577, -3*w + 1734 = 3*s. What is the tens digit of s?
7
Suppose 4*s = -4*k + 8, s = -s + 3*k + 14. Suppose -2*n + 0 = -s. Suppose b - 16 - n = 0. What is the units digit of b?
8
Let t = -7 + 8. Let h be (t - -2)/((-12)/(-32)). Let q = 29 - h. What is the tens digit of q?
2
What is the tens digit of (539/33)/((-4)/(-72))?
9
Suppose -l = -a + 743, -9 + 5 = 4*l. What is the hundreds digit of a?
7
Let q = 429 - 281. Let x = 323 - q. Suppose x = 5*h - 50. What is the units digit of h?
5
Let z(g) = 14*g**2 + 9*g. Let p(x) = -5*x**2 - 3*x. Let s(b) = 11*p(b) + 4*z(b). What is the hundreds digit of s(-13)?
1
Suppose 0 = 8*g + 430 - 1926. What is the units digit of g?
7
Suppose -152*z - 5489 = -163*z. What is the tens digit of z?
9
Let r(f) = -5 + 0 + 16*f + 32*f - 8 - 3*f**2. What is the hundreds digit of r(12)?
1
Suppose -4*t = -q + 1451, 1 = t - 0. Suppose -6*j - q = -11*j. What is the units digit of j?
1
Let p(j) be the first derivative of j**3/3 - 5*j**2/2 + 4*j - 3. Let u be p(6). Suppose -14*l = -u*l - 144. What is the tens digit of l?
3
Let h = 1431 - 1257. What is the tens digit of h?
7
Let u(j) = -21*j - 1. Let b be u(4). Let a be (2/1)/((-10)/b). Let q = a + -8. What is the units digit of q?
9
Let l(h) = -2080 + 8*h - 18*h + 7*h**2 + 2110. What is the hundreds digit of l(5)?
1
What is the units digit of (5933/(-51))/((-3)/36)?
6
Let b(g) = 4*g**2 - 18*g + 4. Let m(c) = 3*c**2 - 17*c + 5. Let t(a) = 2*b(a) - 3*m(a). What is the units digit of t(11)?
7
Let v(s) = -308*s - 152. What is the units digit of v(-6)?
6
Suppose 2*i = 3*v + 1857, 20*v - 6 = 22*v. What is the hundreds digit of i?
9
Let v(l) = -l**3 + 4*l**2 + 8*l - 11. Let a be v(5). Let g be (-9)/(-1)*a - -2. Suppose -g = -2*r - w + 2*w, 0 = -2*r + 2*w + 36. What is the units digit of r?
0
Let g be ((-1)/4)/(138/48 - 3). Suppose 3*w - 309 = -3*l, -g*w + 101 = l - 0*l. What is the hundreds digit of l?
1
What is the units digit of 3659/4 + -4*18/96?
4
What is the tens digit of (1/2)/((-16)/(-1248))?
3
Suppose -5*d - 913 = -2*g, g + 5*d - 481 = 13. What is the units digit of g?
9
Suppose -4*j - q = -31, j = -3*j - 3*q + 29. What is the tens digit of 10 + 2/j*4?
1
Suppose h - 5*h + 64 = 0. Let s = h - 18. Let l(q) = -9*q**3 - q**2 + q - 2. What is the tens digit of l(s)?
6
Let k(u) = -5*u - 10. Suppose -3*h + 16 = -5*w - 18, 0 = -2*h + 6. Let b be k(w). Suppose d - b = -0. What is the units digit of d?
5
Suppose 0 = 13*g - 7665 + 216. What is the hundreds digit of g?
5
Let b = 545 - 347. What is the units digit of b?
8
Let i be 2*(-4)/(-8)*103/1. Let t = 170 - i. What is the units digit of t?
7
Let w = -2 + 28. Suppose -5*u = 2*r - 8 - 17, -2*u = 4*r - w. Let z = r - -20. What is the units digit of z?
5
What is the tens digit of 360/16 + 3 + 36/(-8)?
2
Let m(c) be the first derivative of -c + 4 + 4*c**2 - 4 - 8 - 3*c. What is the units digit of m(4)?
8
Let o be ((-12)/(-15))/((-3)/(-600)*4). Suppose 4*v = 5*v - 5*p - o, -56 = -2*v + 4*p. What is the tens digit of v?
2
Suppose -2*o + 57 = 5*v - 0*v, -3*o + 5*v = -73. Suppose -178 = -6*t + o. What is the tens digit of t?
3
Let l be 4 - 9/(36/(-400)). Suppose 3*h + 204 = 5*j, 0*j + 213 = -3*h + 2*j. Let t = h + l. What is the tens digit of t?
3
Suppose -f = 3*f - 24. Let a be 0/((-5)/((-20)/(-4))) + -2. What is the tens digit of 141/(-9)*f/a?
4
Suppose -x - 4*x = -5*d - 5, 0 = -2*x - d + 8. What is the tens digit of 114/(12/x - 2)?
5
Let p(k) = -11*k - 12. Let a = -8 - 6. What is the hundreds digit of p(a)?
1
Suppose 12*b - 5374 = 10*b. What is the tens digit of b?
8
Suppose p = 4*i - 1 - 18, 0 = -3*i - 5*p - 3. Suppose i*q - 6*q - 2 = 0. Let m = 7 - q. What is the units digit of m?
8
Let u(d) = 54*d - 104. What is the units digit of u(7)?
4
Let q(z) = -z**3 + 32*z**2 - 11*z - 68. What is the units digit of q(29)?
6
Suppose -4*r = -2*j + 2, j - 35 = -2*j - 2*r. Suppose 20 = p + 5*w, 2 + 3 = -w. What is the tens digit of 10/p + 106/j?
1
Let w(n) = -32*n**3 - 2*n**2 + n - 1. What is the units digit of w(-3)?
2
Let r(o) = o**3 - 13*o**2 + 15*o - 40. What is the hundreds digit of r(16)?
9
Suppose -22 + 28 = 2*r. What is the units digit of r?
3
Suppose -3*x - 2*i + 6 = -x, 0 = 5*x - 4*i - 15. Suppose -52 = -x*y + y. What is the tens digit of y?
2
Let a = 363 - 147. What is the units digit of a?
6
Let t(p) = p**3 + 19*p**2 - 10*p - 29. What is the hundreds digit of t(-10)?
9
Let g(h) = -11 + 7 - 25*h - h**2 + 7 - 2*h**2. What is the units digit of g(-6)?
5
Suppose 2*m = 2*k - 756, -3*k + 5*m + 920 + 214 = 0. What is the units digit of k?
8
Let t be (2*-9)/(-6) - -27. Let g be -2 + 1 + 2 + -26. Let w = t + g. What is the units digit of w?
5
Let k(t) = -20*t**3 - 4*t**2 + 13*t + 3. Let w(h) = -41*h**3 - 8*h**2 + 25*h + 5. Let s(g) = 11*k(g) - 6*w(g). What is the hundreds digit of s(2)?
2
Let x(l) = -l**2 - 3*l + 7. Let n be x(7). Let m = n + 94. What is the tens digit of m?
3
Suppose 2*s + 18 = -4*d, 5*d - 14 + 41 = 2*s. Let a(b) = 54*b**2 - b + 1. What is the units digit of a(s)?
4
Suppose 2*k + 21 = -13. Let q = 20 + k. What is the units digit of 2/q + 86/6?
5
Let c = 114 - -48. What is the hundreds digit of c?
1
Suppose 6*z - 9*z + 54 = 0. Suppose z*q - 1620 = 8*q. What is the tens digit of q?
6
Suppose 8*l - 2193 = 3663. Let x = l - 518. What is the tens digit of x?
1
Suppose -2*x - 3*l = -4, -l + 7 + 6 = 3*x. Suppose -2 = -2*r - x*c, -2*c + 19 - 2 = -r. Let v = 1 - r. What is the units digit of v?
0
Suppose -s + 5*x = -3342, 4*s - 4*x = -2*x + 13458. What is the tens digit of s?
6
Let j be 0/(-1 - (1 - -2)). Suppose j = 4*i + i + 4*b - 1442, 0 = i + 4*b - 282. What is the tens digit of i?
9
Let w(g) = g**2 + 14*g - 17. Let x be w(-15). What is the ten